{"id":4964,"date":"2020-03-07T23:08:00","date_gmt":"2020-03-07T22:08:00","guid":{"rendered":"https:\/\/www.nowaestetyka.pl\/kontakt\/"},"modified":"2026-02-22T20:25:30","modified_gmt":"2026-02-22T19:25:30","slug":"kontakt","status":"publish","type":"page","link":"https:\/\/www.nowaestetyka.pl\/de\/kontakt\/","title":{"rendered":"Kontakt"},"content":{"rendered":"\r\n<p>Die Facharztausbildung f\u00fcr Gyn\u00e4kologie und Geburtshilfe absolvierte er an der I. Klinik und am Lehrstuhl f\u00fcr Gyn\u00e4kologie und Geburtshilfe in Breslau und schloss sie mit der staatlichen Facharztpr\u00fcfung ab. Sein Wissen vertiefte er an der Postgraduierten Schule f\u00fcr \u00c4sthetische Medizin der PTL in Warschau, wo er eine Masterarbeit zum Thema \u201eMethoden zur Behandlung von Haarausfall bei M\u00e4nnern und Frauen unter Ber\u00fccksichtigung von Techniken der rekonstruktiven Haarchirurgie\u201c verfasste.<\/p>\r\n\r\n\r\n\r\n<p>Er hat an zahlreichen Schulungen und medizinischen Konferenzen in Polen und Europa teilgenommen. Seine Philosophie der Gyn\u00e4kologie und \u00e4sthetischen Medizin richtet sich darauf, die durch die Zeit verlorene Sch\u00f6nheit und Proportionen wiederherzustellen \u2013 bei maximaler Sicherheit der Eingriffe.<\/p>\r\n\r\n\r\n\r\n<p id=\"dojazd\"><br \/><br \/><strong>Anfahrt und Parkm\u00f6glichkeiten<\/strong> Geb\u00fchrenpflichtige Parkpl\u00e4tze befinden sich im Parkhaus an der <a href=\"https:\/\/www.google.com\/maps\/place\/Parking+24h+Millennium+Towers\/@51.1134576,16.992293,17z\/data=!3m1!4b1!4m5!3m4!1s0x470fc1ff2302cc2f:0x4989a342fd4c0f0c!8m2!3d51.1134576!4d16.9944817\">Strzegomska 42AC<\/a>. Kostenlose Parkpl\u00e4tze stehen direkt vor der Praxis zur Verf\u00fcgung. Route berechnen: <a href=\"https:\/\/www.google.com\/maps\/place\/CM+Nowa+Estetyka+dr+n.+med.+\u0141ukasz+Be\u0142za+-+medycyna+estetyczna,+ginekologia+plastyczna\/@51.1136698,16.9965644,17z\/data=!4m13!1m7!3m6!1s0x470fc1ff6ee6a86f:0x8a6b5db7954e88ad!2sStrzegomska+42F,+53-611+Wroc\u0142aw!3b1!8m2!3d51.1136698!4d16.9965644!3m4!1s0x0:0xe489da46ae8d7d89!8m2!3d51.1136277!4d16.9962472\">Strzegomska 42F\/1U<\/a><\/p>\r\n<p><a href=\"https:\/\/www.nowaestetyka.pl\/wp-content\/uploads\/2020\/08\/DSCF0830-2.jpg\"><img loading=\"lazy\" decoding=\"async\" class=\"alignnone wp-image-2962\" src=\"https:\/\/www.nowaestetyka.pl\/wp-content\/uploads\/2020\/08\/DSCF0830-2-300x200.jpg\" alt=\"Kostenlose Parkpl\u00e4tze direkt vor der Praxis\" width=\"125\" height=\"83\" srcset=\"https:\/\/www.nowaestetyka.pl\/wp-content\/uploads\/2020\/08\/DSCF0830-2-300x200.jpg 300w, https:\/\/www.nowaestetyka.pl\/wp-content\/uploads\/2020\/08\/DSCF0830-2-768x513.jpg 768w, https:\/\/www.nowaestetyka.pl\/wp-content\/uploads\/2020\/08\/DSCF0830-2.jpg 800w\" sizes=\"(max-width: 125px) 100vw, 125px\" \/><\/a> <a href=\"https:\/\/www.nowaestetyka.pl\/wp-content\/uploads\/2020\/08\/DSCF0834-2.jpg\"><img loading=\"lazy\" decoding=\"async\" class=\"alignnone wp-image-2963\" src=\"https:\/\/www.nowaestetyka.pl\/wp-content\/uploads\/2020\/08\/DSCF0834-2-300x200.jpg\" alt=\"\" width=\"125\" height=\"83\" srcset=\"https:\/\/www.nowaestetyka.pl\/wp-content\/uploads\/2020\/08\/DSCF0834-2-300x200.jpg 300w, https:\/\/www.nowaestetyka.pl\/wp-content\/uploads\/2020\/08\/DSCF0834-2-768x513.jpg 768w, https:\/\/www.nowaestetyka.pl\/wp-content\/uploads\/2020\/08\/DSCF0834-2.jpg 800w\" sizes=\"(max-width: 125px) 100vw, 125px\" \/><\/a><a href=\"https:\/\/www.nowaestetyka.pl\/wp-content\/uploads\/2020\/08\/DSCF0837-2.jpg\"> <img loading=\"lazy\" decoding=\"async\" class=\"alignnone wp-image-2964\" src=\"https:\/\/www.nowaestetyka.pl\/wp-content\/uploads\/2020\/08\/DSCF0837-2-300x200.jpg\" alt=\"\" width=\"125\" height=\"83\" srcset=\"https:\/\/www.nowaestetyka.pl\/wp-content\/uploads\/2020\/08\/DSCF0837-2-300x200.jpg 300w, https:\/\/www.nowaestetyka.pl\/wp-content\/uploads\/2020\/08\/DSCF0837-2-768x513.jpg 768w, https:\/\/www.nowaestetyka.pl\/wp-content\/uploads\/2020\/08\/DSCF0837-2.jpg 800w\" sizes=\"(max-width: 125px) 100vw, 125px\" \/><\/a><br \/><br \/><a href=\"https:\/\/www.nowaestetyka.pl\/wp-content\/uploads\/2020\/08\/DSCF0528.jpg\"><img loading=\"lazy\" decoding=\"async\" class=\"alignnone wp-image-2953\" src=\"https:\/\/www.nowaestetyka.pl\/wp-content\/uploads\/2020\/08\/DSCF0528-300x200.jpg\" alt=\"Geb\u00fchrenpflichtige Parkpl\u00e4tze\" width=\"125\" height=\"83\" srcset=\"https:\/\/www.nowaestetyka.pl\/wp-content\/uploads\/2020\/08\/DSCF0528-300x200.jpg 300w, https:\/\/www.nowaestetyka.pl\/wp-content\/uploads\/2020\/08\/DSCF0528-768x512.jpg 768w, https:\/\/www.nowaestetyka.pl\/wp-content\/uploads\/2020\/08\/DSCF0528.jpg 1000w\" sizes=\"(max-width: 125px) 100vw, 125px\" \/><\/a> <a href=\"https:\/\/www.nowaestetyka.pl\/wp-content\/uploads\/2020\/08\/DSCF0858-2.jpg\"><img loading=\"lazy\" decoding=\"async\" class=\"alignnone wp-image-2961 \" src=\"https:\/\/www.nowaestetyka.pl\/wp-content\/uploads\/2020\/08\/DSCF0858-2-300x200.jpg\" alt=\"Geb\u00fchrenpflichtige Parkpl\u00e4tze\" width=\"125\" height=\"83\" srcset=\"https:\/\/www.nowaestetyka.pl\/wp-content\/uploads\/2020\/08\/DSCF0858-2-300x200.jpg 300w, https:\/\/www.nowaestetyka.pl\/wp-content\/uploads\/2020\/08\/DSCF0858-2-768x512.jpg 768w, https:\/\/www.nowaestetyka.pl\/wp-content\/uploads\/2020\/08\/DSCF0858-2.jpg 800w\" sizes=\"(max-width: 125px) 100vw, 125px\" \/><\/a><\/p>\r\n<p>&nbsp;<\/p>\r\n<p>&nbsp;<\/p>\r\n\r\n","protected":false},"excerpt":{"rendered":"<p>Die Facharztausbildung f\u00fcr Gyn\u00e4kologie und Geburtshilfe absolvierte er an der I. Klinik und am Lehrstuhl f\u00fcr Gyn\u00e4kologie und Geburtshilfe in Breslau und schloss sie mit der staatlichen Facharztpr\u00fcfung ab. Sein Wissen vertiefte er an der Postgraduierten Schule f\u00fcr \u00c4sthetische Medizin der PTL in Warschau, wo er eine Masterarbeit zum Thema \u201eMethoden zur Behandlung von Haarausfall [&hellip;]<\/p>\n","protected":false},"author":1,"featured_media":4965,"parent":0,"menu_order":0,"comment_status":"closed","ping_status":"closed","template":"page-templates\/contact.php","meta":{"footnotes":""},"class_list":["post-4964","page","type-page","status-publish","has-post-thumbnail","hentry"],"yoast_head":"<!-- This site is optimized with the Yoast SEO plugin v14.6.1 - https:\/\/yoast.com\/wordpress\/plugins\/seo\/ -->\n<meta name=\"description\" content=\"Modernes Medizinisches Zentrum in Breslau, Polen \u2013 Nowa Estetyka bietet umfassende Behandlungen in den Bereichen \u00c4sthetische Medizin, Gyn\u00e4kologie und Plastische Gyn\u00e4kologie. Fach\u00e4rztliche Betreuung, moderne Technologien und ein ganzheitlicher Ansatz f\u00fcr Gesundheit, Sch\u00f6nheit und Wohlbefinden.\" \/>\n<meta name=\"robots\" content=\"index, follow\" \/>\n<meta name=\"googlebot\" content=\"index, follow, max-snippet:-1, max-image-preview:large, max-video-preview:-1\" \/>\n<meta name=\"bingbot\" content=\"index, follow, max-snippet:-1, max-image-preview:large, max-video-preview:-1\" \/>\n<link rel=\"canonical\" href=\"https:\/\/www.nowaestetyka.pl\/de\/kontakt\/\" \/>\n<meta property=\"og:locale\" content=\"de_DE\" \/>\n<meta property=\"og:type\" content=\"article\" \/>\n<meta property=\"og:title\" content=\"Kontakt Medizinisches Zentrum Nowa Estetyka in Breslau | Dr Be\u0142za\" \/>\n<meta property=\"og:description\" content=\"Modernes Medizinisches Zentrum in Breslau, Polen \u2013 Nowa Estetyka bietet umfassende Behandlungen in den Bereichen \u00c4sthetische Medizin, Gyn\u00e4kologie und Plastische Gyn\u00e4kologie. Fach\u00e4rztliche Betreuung, moderne Technologien und ein ganzheitlicher Ansatz f\u00fcr Gesundheit, Sch\u00f6nheit und Wohlbefinden.\" \/>\n<meta property=\"og:url\" content=\"https:\/\/www.nowaestetyka.pl\/de\/kontakt\/\" \/>\n<meta property=\"og:site_name\" content=\"Nowa Estetyka\" \/>\n<meta property=\"article:modified_time\" content=\"2026-02-22T19:25:30+00:00\" \/>\n<meta property=\"og:image\" content=\"https:\/\/www.nowaestetyka.pl\/wp-content\/uploads\/2020\/08\/dr-lukasz-belza.jpg\" \/>\n\t<meta property=\"og:image:width\" content=\"434\" \/>\n\t<meta property=\"og:image:height\" content=\"412\" \/>\n<meta name=\"twitter:card\" content=\"summary_large_image\" \/>\n<!-- \/ Yoast SEO plugin. -->","_links":{"self":[{"href":"https:\/\/www.nowaestetyka.pl\/de\/wp-json\/wp\/v2\/pages\/4964"}],"collection":[{"href":"https:\/\/www.nowaestetyka.pl\/de\/wp-json\/wp\/v2\/pages"}],"about":[{"href":"https:\/\/www.nowaestetyka.pl\/de\/wp-json\/wp\/v2\/types\/page"}],"author":[{"embeddable":true,"href":"https:\/\/www.nowaestetyka.pl\/de\/wp-json\/wp\/v2\/users\/1"}],"replies":[{"embeddable":true,"href":"https:\/\/www.nowaestetyka.pl\/de\/wp-json\/wp\/v2\/comments?post=4964"}],"version-history":[{"count":3,"href":"https:\/\/www.nowaestetyka.pl\/de\/wp-json\/wp\/v2\/pages\/4964\/revisions"}],"predecessor-version":[{"id":6004,"href":"https:\/\/www.nowaestetyka.pl\/de\/wp-json\/wp\/v2\/pages\/4964\/revisions\/6004"}],"wp:featuredmedia":[{"embeddable":true,"href":"https:\/\/www.nowaestetyka.pl\/de\/wp-json\/wp\/v2\/media\/4965"}],"wp:attachment":[{"href":"https:\/\/www.nowaestetyka.pl\/de\/wp-json\/wp\/v2\/media?parent=4964"}],"curies":[{"name":"wp","href":"https:\/\/api.w.org\/{rel}","templated":true}]}}

<p>Die Facharztausbildung für Gynäkologie und Geburtshilfe absolvierte er an der I. Klinik und am Lehrstuhl für Gynäkologie und Geburtshilfe in Breslau und schloss sie mit der staatlichen Facharztprüfung ab. Sein Wissen vertiefte er an der Postgraduierten Schule für Ästhetische Medizin der PTL in Warschau, wo er eine Masterarbeit zum Thema „Methoden zur Behandlung von Haarausfall bei Männern und Frauen unter Berücksichtigung von Techniken der rekonstruktiven Haarchirurgie“ verfasste.</p>



<p>Er hat an zahlreichen Schulungen und medizinischen Konferenzen in Polen und Europa teilgenommen. Seine Philosophie der Gynäkologie und ästhetischen Medizin richtet sich darauf, die durch die Zeit verlorene Schönheit und Proportionen wiederherzustellen – bei maximaler Sicherheit der Eingriffe.</p>



<p id="dojazd"><br /><br /><strong>Anfahrt und Parkmöglichkeiten</strong> Gebührenpflichtige Parkplätze befinden sich im Parkhaus an der <a href="https://www.google.com/maps/place/Parking+24h+Millennium+Towers/@51.1134576,16.992293,17z/data=!3m1!4b1!4m5!3m4!1s0x470fc1ff2302cc2f:0x4989a342fd4c0f0c!8m2!3d51.1134576!4d16.9944817">Strzegomska 42AC</a>. Kostenlose Parkplätze stehen direkt vor der Praxis zur Verfügung. Route berechnen: <a href="https://www.google.com/maps/place/CM+Nowa+Estetyka+dr+n.+med.+Łukasz+Bełza+-+medycyna+estetyczna,+ginekologia+plastyczna/@51.1136698,16.9965644,17z/data=!4m13!1m7!3m6!1s0x470fc1ff6ee6a86f:0x8a6b5db7954e88ad!2sStrzegomska+42F,+53-611+Wrocław!3b1!8m2!3d51.1136698!4d16.9965644!3m4!1s0x0:0xe489da46ae8d7d89!8m2!3d51.1136277!4d16.9962472">Strzegomska 42F/1U</a></p>
<p><a href="https://www.nowaestetyka.pl/wp-content/uploads/2020/08/DSCF0830-2.jpg"><img loading="lazy" decoding="async" class="alignnone wp-image-2962" src="https://www.nowaestetyka.pl/wp-content/uploads/2020/08/DSCF0830-2-300x200.jpg" alt="Kostenlose Parkplätze direkt vor der Praxis" width="125" height="83" srcset="https://www.nowaestetyka.pl/wp-content/uploads/2020/08/DSCF0830-2-300x200.jpg 300w, https://www.nowaestetyka.pl/wp-content/uploads/2020/08/DSCF0830-2-768x513.jpg 768w, https://www.nowaestetyka.pl/wp-content/uploads/2020/08/DSCF0830-2.jpg 800w" sizes="(max-width: 125px) 100vw, 125px" /></a> <a href="https://www.nowaestetyka.pl/wp-content/uploads/2020/08/DSCF0834-2.jpg"><img loading="lazy" decoding="async" class="alignnone wp-image-2963" src="https://www.nowaestetyka.pl/wp-content/uploads/2020/08/DSCF0834-2-300x200.jpg" alt="" width="125" height="83" srcset="https://www.nowaestetyka.pl/wp-content/uploads/2020/08/DSCF0834-2-300x200.jpg 300w, https://www.nowaestetyka.pl/wp-content/uploads/2020/08/DSCF0834-2-768x513.jpg 768w, https://www.nowaestetyka.pl/wp-content/uploads/2020/08/DSCF0834-2.jpg 800w" sizes="(max-width: 125px) 100vw, 125px" /></a><a href="https://www.nowaestetyka.pl/wp-content/uploads/2020/08/DSCF0837-2.jpg"> <img loading="lazy" decoding="async" class="alignnone wp-image-2964" src="https://www.nowaestetyka.pl/wp-content/uploads/2020/08/DSCF0837-2-300x200.jpg" alt="" width="125" height="83" srcset="https://www.nowaestetyka.pl/wp-content/uploads/2020/08/DSCF0837-2-300x200.jpg 300w, https://www.nowaestetyka.pl/wp-content/uploads/2020/08/DSCF0837-2-768x513.jpg 768w, https://www.nowaestetyka.pl/wp-content/uploads/2020/08/DSCF0837-2.jpg 800w" sizes="(max-width: 125px) 100vw, 125px" /></a><br /><br /><a href="https://www.nowaestetyka.pl/wp-content/uploads/2020/08/DSCF0528.jpg"><img loading="lazy" decoding="async" class="alignnone wp-image-2953" src="https://www.nowaestetyka.pl/wp-content/uploads/2020/08/DSCF0528-300x200.jpg" alt="Gebührenpflichtige Parkplätze" width="125" height="83" srcset="https://www.nowaestetyka.pl/wp-content/uploads/2020/08/DSCF0528-300x200.jpg 300w, https://www.nowaestetyka.pl/wp-content/uploads/2020/08/DSCF0528-768x512.jpg 768w, https://www.nowaestetyka.pl/wp-content/uploads/2020/08/DSCF0528.jpg 1000w" sizes="(max-width: 125px) 100vw, 125px" /></a> <a href="https://www.nowaestetyka.pl/wp-content/uploads/2020/08/DSCF0858-2.jpg"><img loading="lazy" decoding="async" class="alignnone wp-image-2961 " src="https://www.nowaestetyka.pl/wp-content/uploads/2020/08/DSCF0858-2-300x200.jpg" alt="Gebührenpflichtige Parkplätze" width="125" height="83" srcset="https://www.nowaestetyka.pl/wp-content/uploads/2020/08/DSCF0858-2-300x200.jpg 300w, https://www.nowaestetyka.pl/wp-content/uploads/2020/08/DSCF0858-2-768x512.jpg 768w, https://www.nowaestetyka.pl/wp-content/uploads/2020/08/DSCF0858-2.jpg 800w" sizes="(max-width: 125px) 100vw, 125px" /></a></p>
<p>&nbsp;</p>
<p>&nbsp;</p>

<p>Die Facharztausbildung für Gynäkologie und Geburtshilfe absolvierte er an der I. Klinik und am Lehrstuhl für Gynäkologie und Geburtshilfe in Breslau und schloss sie mit der staatlichen Facharztprüfung ab. Sein Wissen vertiefte er an der Postgraduierten Schule für Ästhetische Medizin der PTL in Warschau, wo er eine Masterarbeit zum Thema „Methoden zur Behandlung von Haarausfall [&hellip;]</p>

<!-- This site is optimized with the Yoast SEO plugin v14.6.1 - https://yoast.com/wordpress/plugins/seo/ -->
<meta name="description" content="Modernes Medizinisches Zentrum in Breslau, Polen – Nowa Estetyka bietet umfassende Behandlungen in den Bereichen Ästhetische Medizin, Gynäkologie und Plastische Gynäkologie. Fachärztliche Betreuung, moderne Technologien und ein ganzheitlicher Ansatz für Gesundheit, Schönheit und Wohlbefinden." />
<meta name="robots" content="index, follow" />
<meta name="googlebot" content="index, follow, max-snippet:-1, max-image-preview:large, max-video-preview:-1" />
<meta name="bingbot" content="index, follow, max-snippet:-1, max-image-preview:large, max-video-preview:-1" />
<link rel="canonical" href="https://www.nowaestetyka.pl/de/kontakt/" />
<meta property="og:locale" content="de_DE" />
<meta property="og:type" content="article" />
<meta property="og:title" content="Kontakt Medizinisches Zentrum Nowa Estetyka in Breslau | Dr Bełza" />
<meta property="og:description" content="Modernes Medizinisches Zentrum in Breslau, Polen – Nowa Estetyka bietet umfassende Behandlungen in den Bereichen Ästhetische Medizin, Gynäkologie und Plastische Gynäkologie. Fachärztliche Betreuung, moderne Technologien und ein ganzheitlicher Ansatz für Gesundheit, Schönheit und Wohlbefinden." />
<meta property="og:url" content="https://www.nowaestetyka.pl/de/kontakt/" />
<meta property="og:site_name" content="Nowa Estetyka" />
<meta property="article:modified_time" content="2026-02-22T19:25:30+00:00" />
<meta property="og:image" content="https://www.nowaestetyka.pl/wp-content/uploads/2020/08/dr-lukasz-belza.jpg" />
	<meta property="og:image:width" content="434" />
	<meta property="og:image:height" content="412" />
<meta name="twitter:card" content="summary_large_image" />
<!-- / Yoast SEO plugin. -->
